2688?
False
Does 136 divide 1088549?
False
Is 2690508 a multiple of 16?
False
Does 255 divide 4633350?
True
Is 280 a factor of 647360?
True
Is 93 a factor of 1007644?
False
Is 58 a factor of 96164?
True
Is 6 a factor of 76908?
True
Is 442812 a multiple of 52?
False
Is 10911760 a multiple of 16?
True
Is 29 a factor of 193053?
True
Is 2264685 a multiple of 11?
False
Is 107778 a multiple of 2?
True
Does 933 divide 1352784?
False
Is 337766 a multiple of 13?
True
Does 1628 divide 7215261?
False
Does 15 divide 3553401?
False
Is 16315249 a multiple of 537?
False
Is 353736 a multiple of 306?
True
Does 8 divide 162415?
False
Is 1478470 a multiple of 70?
True
Is 1307550 a multiple of 69?
True
Does 18 divide 3093624?
True
Is 243310 a multiple of 5?
True
Is 460864 a multiple of 7?
False
Does 1410 divide 3189420?
True
Does 167 divide 38967613?
True
Does 14 divide 8900611?
False
Is 1179324 a multiple of 564?
True
Is 200 a factor of 8542200?
True
Is 9 a factor of 2803716?
True
Is 11675433 a multiple of 10?
False
Is 40 a factor of 422359?
False
Is 256 a factor of 319488?
True
Does 43 divide 147576?
True
Does 8 divide 122929?
False
Is 279816 a multiple of 89?
True
Is 54600 a multiple of 130?
True
Does 21 divide 28203?
True
Is 3690066 a multiple of 399?
False
Is 497518 a multiple of 208?
False
Is 282905 a multiple of 35?
True
Is 1939110 a multiple of 30?
True
Does 10 divide 888880?
True
Is 9 a factor of 7724206?
False
Is 272 a factor of 734924?
False
Does 30 divide 3997864?
False
Is 88 a factor of 23665312?
True
Is 48120 a multiple of 12?
True
Is 130 a factor of 58500?
True
Does 130 divide 7490210?
True
Does 36 divide 342432?
True
Is 104566 a multiple of 3?
False
Does 73 divide 2194818?
True
Is 64 a factor of 11281?
False
Is 14 a factor of 1020000?
False
Is 1325324 a multiple of 26?
True
Does 21 divide 2332260?
True
Is 39 a factor of 1600159?
False
Is 24 a factor of 35448?
True
Does 14 divide 170058?
True
Is 568 a factor of 1909989?
False
Does 442 divide 151164?
True
Is 100585 a multiple of 159?
False
Is 445446 a multiple of 438?
True
Does 14 divide 252395?
False
Is 74368 a multiple of 128?
True
Does 11 divide 1096810?
True
Does 8 divide 395402?
False
Is 20086794 a multiple of 289?
False
Does 32 divide 84562?
False
Is 25382 a multiple of 5?
False
Is 412 a factor of 247200?
True
Is 214 a factor of 951658?
True
Is 525901 a multiple of 22?
False
Is 11 a factor of 366080?
True
Is 36 a factor of 93852?
True
Is 18 a factor of 165042?
True
Is 10226548 a multiple of 164?
True
Is 29 a factor of 57362?
True
Is 215178 a multiple of 14?
False
Is 45 a factor of 1027705?
False
Does 21 divide 89961?
False
Is 90336 a multiple of 115?
False
Is 122 a multiple of 61?
True
Is 7544 a multiple of 164?
True
Does 3 divide 206125?
False
Is 53 a factor of 189854?
False
Is 2519204 a multiple of 82?
True
Is 26 a factor of 6916?
True
Is 32 a factor of 5144224?
True
Is 15 a factor of 1335345?
True
Does 19 divide 3339430?
False
Is 110 a factor of 9312943?
False
Is 21777 a multiple of 119?
True
Does 54 divide 15232914?
True
Is 359 a factor of 9523342?
False
Is 9 a factor of 1157675?
False
Is 2194667 a multiple of 129?
False
Is 256 a factor of 2000247?
False
Does 27 divide 34561?
False
Does 7 divide 361308?
False
Does 105 divide 9080610?
True
Is 403 a factor of 3830118?
False
Is 79 a factor of 98806?
False
Is 160618 a multiple of 15?
False
Is 6 a factor of 29425?
False
Is 1317 a multiple of 439?
True
Is 881087 a multiple of 10?
False
Is 13 a factor of 13736519?
False
Is 171940 a multiple of 20?
True
Is 34 a factor of 73417?
False
Is 1019594 a multiple of 188?
False
Is 29 a factor of 8247803?
True
Is 5294551 a multiple of 12?
False
Is 742475 a multiple of 25?
True
Does 200 divide 4964053?
False
Is 47 a factor of 257954?
False
Is 326762 a multiple of 2?
True
Is 516915 a multiple of 21?
True
Is 234375 a multiple of 125?
True
Is 105 a factor of 12231450?
True
Is 170 a factor of 3407698?
False
Does 20 divide 226114?
False
Is 74 a factor of 15677724?
False
Is 345 a factor of 1365165?
True
Does 17 divide 49300?
True
Is 22 a factor of 417835?
False
Does 3 divide 17797?
False
Does 29 divide 1336413?
False
Is 28 a factor of 547365?
False
Is 1927 a factor of 1501133?
True
Does 13 divide 6990238?
False
Does 15 divide 79923?
False
Is 59 a factor of 8791?
True
Does 73 divide 2091032?
False
Does 45 divide 2733750?
True
Is 427467 a multiple of 20?
False
Is 156098 a multiple of 16?
False
Is 571 a factor of 279790?
True
Is 3177930 a multiple of 1110?
True
Is 93 a factor of 673227?
True
Does 906 divide 11714580?
True
Is 16243063 a multiple of 307?
True
Does 280 divide 906169?
False
Is 10 a factor of 1065030?
True
Does 803 divide 2969494?
True
Is 2357400 a multiple of 2?
True
Is 5 a factor of 1604255?
True
Is 472 a factor of 1153527?
False
Does 52 divide 53365?
False
Is 57 a factor of 3280041?
False
Does 8 divide 107828?
False
Is 6375645 a multiple of 45?
True
Does 43 divide 73466?
False
Is 92398 a multiple of 61?
False
Does 372 divide 5628132?
False
Is 82 a factor of 150031?
False
Is 516576 a multiple of 8?
True
Is 181062 a multiple of 14?
True
Is 267 a factor of 187968?
True
Is 31 a factor of 48575?
False
Is 2932461 a multiple of 420?
False
Is 2684825 a multiple of 160?
False
Is 120 a factor of 16385280?
True
Is 294 a factor of 3188724?
True
Is 65 a factor of 312130?
True
Is 2 a factor of 1289617?
False
Does 77 divide 634942?
True
Is 46 a factor of 623704?
False
Is 2820420 a multiple of 6?
True
Is 180 a factor of 15148260?
True
Is 1403929 a multiple of 19?
True
Does 9 divide 397965?
False
Is 29004640 a multiple of 29?
True
Is 288120 a multiple of 14?
True
Is 1487910 a multiple of 30?
True
Is 1870011 a multiple of 1287?
True
Does 56 divide 19079480?
True
Is 33 a factor of 197406?
True
Is 22 a factor of 68882?
True
Is 41 a factor of 646447?
True
Is 3 a factor of 94515?
True
Is 3291088 even?
True
Does 230 divide 5640845?
False
Is 392 a factor of 256368?
True
Does 263 divide 1183763?
True
Does 189 divide 133778?
False
Does 5 divide 26948?
False
Is 367471 a multiple of 468?
False
Is 125 a factor of 7341250?
True
Is 124216 a multiple of 16?
False
Is 20 a factor of 357132?
False
Is 105 a factor of 150550?
False
Is 13 a factor of 144290?
False
Is 63 a factor of 2246832?
True
Is 50 a factor of 292650?
True
Is 241 a factor of 497665?
True
Does 142 divide 244077?
False
Does 8 divide 1845247?
False
Is 39 a factor of 215294?
False
Does 82 divide 55567?
False
Is 36 a factor of 63854?
False
Is 26752 a multiple of 19?
True
Is 445 a factor of 527639?
False
Does 8 divide 4634682?
False
Is 358236 a multiple of 3?
True
Is 622558 a multiple of 14?
False
Is 10 a factor of 75620?
True
Is 126 a factor of 242337?
False
Is 156 a factor of 782261?
False
Is 208319 a multiple of 63?
False
Is 144773 a multiple of 47?
False
Is 846 a factor of 2356154?
False
Is 10 a factor of 67011?
False
Is 4 a factor of 4756?
True
Does 114 divide 1963762?
False
Is 449005 a multiple of 245?
False
Is 11087410 a multiple of 685?
True
Does 51 divide 710073?
True
Does 11 divide 88572?
True
Does 108 divide 1737728?
False
Is 6738305 a multiple of 395?
True
Is 8172066 a multiple of 21?
True
Is 7 a factor of 548322?
False
Is 37 a factor of 27125?
False
Does 15 divide 10716691?
False
Does 11 divide 12383132?
False
Does 40 divide 1640?
True
Is 3484037 a multiple of 141?
False
Is 5454616 a multiple of 8?
True
Does 48 divide 217760?
False
Is 216 a factor of 5546448?
True
Does 1690 divide 3543930?
True
Does 8 divide 5869744?
True
Is 368827 a multiple of 159?
False
Is 73368 a multiple of 24?
True
Is 1787786 a multiple of 893?
True
Is 103082 a multiple of 199?
True
Is 392 a factor of 315445?
False
Does 353 divide 607160?
True
Is 604064 a multiple of 8?
True
Is 150 a factor of 22735?
False
Is 716380 a multiple of 85?
True
Does 145 divide 4640?
True
Is 136 a factor of 214865?
False
Is 108 a factor of 1558764?
True
Does 60 divide 403169?
False
Is 103448 a multiple of 134?
True
Does 204 divide 102408?
True
Is 7199234 a multiple of 2207?
True
Does 17 divide 210187?
False
Is 11 a factor of 3202?
False
Is 457 a factor of 1375570?
True
Is 400976 a multiple of 184?
False
Is 98887 a multiple of 119?
False
Is 1026952 a multiple of 76?
False
Is 30 a factor of 738796?
False
Is 465